hat is -13022 + -1044022?
-1112044
In base 2, what is -1001101001110111110011 - 101?
-1001101001110111111000
In base 16, what is -6c8a82b - 3?
-6c8a82e
In base 16, what is -1f + -79e46?
-79e65
In base 8, what is -7146144 - 135?
-7146301
In base 16, what is 8 - 5d448f3?
-5d448eb
In base 13, what is 5c914ca - -4?
5c91501
In base 2, what is 1110001010110110 - 101?
1110001010110001
In base 8, what is -42730303 - 1?
-42730304
In base 7, what is -124 + 115035?
114611
In base 5, what is -133002 + -230101?
-413103
In base 7, what is 106135626 + -5?
106135621
In base 11, what is 2 + 87876613?
87876615
In base 4, what is -12000233201 + -122?
-12000233323
In base 11, what is 32 + 216361?
216393
In base 4, what is -3303023113 - 213?
-3303023332
In base 3, what is 1101121 + 11101021?
12202212
In base 5, what is -1031403 - -1122?
-1030231
In base 14, what is -8 + -1dab30?
-1dab38
In base 10, what is 5 + -15810230?
-15810225
In base 4, what is 113013003 - 110203?
112302200
In base 4, what is -23210332100032 + 1?
-23210332100031
In base 14, what is 4dadb5 + -153?
4dac62
In base 10, what is -163868 - 13?
-163881
In base 9, what is 5 - -5547752?
5547757
In base 16, what is 2dbb - -3362?
611d
In base 4, what is -1222 + 22213210?
22211322
In base 14, what is -1 - ad2d63?
-ad2d64
In base 10, what is 583732 + 7?
583739
In base 9, what is -10 - -1650742?
1650732
In base 6, what is -1 + -40150104213?
-40150104214
In base 15, what is -4 - -1541331?
154132c
In base 2, what is -11000110000 - -11000111100001?
10101110110001
In base 8, what is -50071 + 5244?
-42625
In base 3, what is 10 + 102110002010?
102110002020
In base 4, what is 22332 + 32220?
121212
In base 13, what is -90b1 + 130?
-8c81
In base 5, what is 11 + -4212201434?
-4212201423
In base 13, what is -38 - -6b5b6?
6b57b
In base 2, what is 1101010011001100 + -10000100?
1101010001001000
In base 15, what is -9815ce + -4?
-9815d3
In base 7, what is -1 - 122020645?
-122020646
In base 2, what is 111101000000101001000010 + -101?
111101000000101000111101
In base 16, what is -3 - 55eabf?
-55eac2
In base 8, what is -2407 - -7322?
4713
In base 12, what is 148 - 4737?
-45ab
In base 15, what is 3776a + -1?
37769
In base 2, what is 10010000100100101000010010 + -1?
10010000100100101000010001
In base 6, what is 45050132 + -3351?
45042341
In base 9, what is 11412 + 872?
12384
In base 2, what is -1010001000001010111 + 110110?
-1010001000000100001
In base 6, what is -1 - -1114301554?
1114301553
In base 11, what is 958 - 1448?
-5a0
In base 13, what is 4 - 210c672?
-210c66b
In base 9, what is 0 - -2167150?
2167150
In base 14, what is -cca7d - -3?
-cca7a
In base 11, what is 4 + -68a4a057?
-68a4a053
In base 14, what is -2 + a649719?
a649717
In base 12, what is 1 + -bb11742?
-bb11741
In base 6, what is 151332155323 - 0?
151332155323
In base 13, what is 135b + 48a6?
5c34
In base 9, what is -16447551 + 8?
-16447542
In base 12, what is -10b6723b + 8?
-10b67233
In base 14, what is 9 - bc228c?
-bc2283
In base 3, what is -1122022121201 + 0?
-1122022121201
In base 5, what is 42113 + 10340?
103003
In base 10, what is 266 - -53963?
54229
In base 5, what is -4132300 + 1030231?
-3102014
In base 10, what is -64092 + -434?
-64526
In base 8, what is -41504 - 1063?
-42567
In base 8, what is -36 + -125302106?
-125302144
In base 9, what is 0 - -456537?
456537
In base 11, what is 89075a - 7?
890753
In base 6, what is 1 - -120543103?
120543104
In base 2, what is -1000000101101100 + -1010100?
-1000000111000000
In base 3, what is 100100012211 - 1201122?
100021111012
In base 5, what is -3 - -142132433242?
142132433234
In base 5, what is 3014111113 + -2?
3014111111
In base 6, what is -255042525 - -2?
-255042523
In base 4, what is 30101022 + 21?
30101103
In base 9, what is 2557 - 323?
2234
In base 8, what is 1530522454 - 5?
1530522447
In base 3, what is 22020100120202020 + 20?
22020100120202110
In base 15, what is 11a8 - 25eb?
-1443
In base 11, what is 121989 - -588?
122466
In base 5, what is 1241420121 - 110?
1241420011
In base 4, what is 30320 + 1123321?
1220301
In base 12, what is 110 + -663a?
-652a
In base 15, what is 155 - -1d779?
1d8ce
In base 14, what is 34 + 98ac1?
98b15
In base 11, what is 8951a - -2185?
906a4
In base 8, what is 171306023 + -13?
171306010
In base 9, what is 372822 - -4481?
377413
In base 14, what is 3883 - -241?
3ac4
In base 9, what is 2504 - -23155?
25660
In base 5, what is 430310 - -142113?
1122423
In base 12, what is -166 + 162?
-4
In base 12, what is -1a5 + -76201?
-763a6
In base 14, what is -b - -35683?
35676
In base 9, what is -86383 - 1505?
-87888
In base 13, what is -86350 - -9a?
-86283
In base 7, what is 1512236 - -23?
1512262
In base 8, what is -117 - 711045?
-711164
In base 9, what is -115261 - -1160?
-114101
In base 15, what is 1 - -e7add8?
e7add9
In base 8, what is -10 + 104706?
104676
In base 15, what is -21cc48d - 1?
-21cc48e
In base 6, what is 3 + 13553354?
13553401
In base 13, what is -c48 - 259a?
-3515
In base 11, what is -a + 6656a51?
6656a42
In base 7, what is 23 + 2630163?
2630216
In base 7, what is 5 - -53302155?
53302163
In base 10, what is 768 - -187843?
188611
In base 5, what is -2 + 212220014341?
212220014334
In base 16, what is 5 + -73ffec?
-73ffe7
In base 13, what is 95 + -1540c5c?
-1540b97
In base 13, what is b + 7018b1c?
7018b2a
In base 11, what is -2a38a44 - -3?
-2a38a41
In base 16, what is 12cd - 5d80?
-4ab3
In base 6, what is 4 - 3452123500?
-3452123452
In base 12, what is -5126 + -2074?
-719a
In base 8, what is 43 - -2070463?
2070526
In base 8, what is -353111 - 66?
-353177
In base 12, what is -1a21a9 - -14b?
-1a205a
In base 7, what is 2 - 3322562353?
-3322562351
In base 8, what is -162367461 + -2?
-162367463
In base 10, what is 5 + -11292534?
-11292529
In base 8, what is -1 - -26415531?
26415530
In base 9, what is 2778 - -862?
3751
In base 16, what is 5b7b223 - -5?
5b7b228
In base 11, what is -1442 - 12aa?
-2741
In base 9, what is -1 + 2467140?
2467138
In base 8, what is 4104625 + -5?
4104620
In base 5, what is 204 + -24312432?
-24312223
In base 13, what is -49b - 24611a?
-2465b8
In base 8, what is -124 + 167412?
167266
In base 2, what is -1 - -110111001110011111000?
110111001110011110111
In base 10, what is 203560 + 815?
204375
In base 9, what is -4 - 77333845?
-77333850
In base 14, what is 730c56 + 3?
730c59
In base 11, what is 543 - -1539?
1a81
In base 4, what is 11112231 - -122203?
11301100
In base 14, what is 7 + 60cab?
60cb4
In base 3, what is 1000111100 + 1000010012?
2000121112
In base 4, what is -23333001 + 32?
-23332303
In base 4, what is -121032223102 - 2?
-121032223110
In base 14, what is -cd9567a - -1?
-cd95679
In base 2, what is 1001101001101001001001010 - -1?
1001101001101001001001011
In base 10, what is 8103945 - 15?
8103930
In base 2, what is 100001 - -1100110011000110111?
1100110011001011000
In base 6, what is 434402 - -253?
435055
In base 6, what is 3 + -2334214223?
-2334214220
In base 8, what is 2564 + -162441?
-157655
In base 7, what is -112160662 - 1?
-112160663
In base 2, what is 101111101010001101101110 + 0?
101111101010001101101110
In base 5, what is 32 - -1331102230?
1331102312
In base 15, what is 295e7b40 + 4?
295e7b44
In base 2, what is -101 + -11101010001010001000101?
-11101010001010001001010
In base 12, what is -34a + 44085?
43937
In base 15, what is 2672 - -d3?
2755
In base 4, what is -111030002302 - -22?
-111030002220
In base 13, what is -7a1 - -535b?
488a
In base 16, what is -3 + 1b18e0?
1b18dd
In base 15, what is -4 + -1745415d?
-17454162
In base 2, what is 110100101110001110100010 - 101101?
110100101110001101110101
In base 4, what is -2201300032 - -1020?
-2201233012
In base 3, what is -200202002 + 2110?
-200122122
In base 6, what is 133353 + 30052?
203445
In base 16, what is 3 + -4376c7?
-4376c4
In base 15, what is 80176 - 21b?
7ee5a
In base 10, what is -604932 + 243?
-604689
In base 7, what is 1046301 - 211?
1046060
In base 16, what is 5 - 583460?
-58345b
In base 7, what is 61 - -52160356?
52160450
In base 11, what is -43a5363 + 15?
-43a5349
In base 13, what is -36b670 + 48?
-36b625
In base 5, what is 2 + -24343422120?
-24343422113
In base 6, what is 4230051555 + 2?
4230052001
In base 15, what is 646db - -9a?
64786
In base 11, what is -7a + 217a53a?
217a470
I